{"id":91,"date":"2024-11-05T11:58:06","date_gmt":"2024-11-05T11:58:06","guid":{"rendered":"https:\/\/migration.bilkent.edu.tr\/?page_id=91"},"modified":"2024-11-06T19:21:11","modified_gmt":"2024-11-06T19:21:11","slug":"tutorials-on-european-and-international-migration-law","status":"publish","type":"page","link":"https:\/\/migration.bilkent.edu.tr\/?page_id=91","title":{"rendered":"Tutorials on European and International Migration Law"},"content":{"rendered":"\n<p>Tutorials on European and International Migration Law aim to supplement the theoretical knowledge of students on European and International Migration Law; to promote their practical and oral presentation skills; to encourage the students for group work and to establish a discussion environment on specific issues on migration not addressed in detail in the course on European and International Migration Law. They are held for 4 hours per (spring) semester. Coordinator: Assoc. Prof. Dr. G\u00fcl\u00fcm \u00d6z\u00e7elik<\/p>\n","protected":false},"excerpt":{"rendered":"<p>Tutorials on European and International Migration Law aim to supplement the theoretical knowledge of students on European and International Migration Law; to promote their practical and oral presentation skills; to &hellip; <\/p>\n<p class=\"link-more\"><a href=\"https:\/\/migration.bilkent.edu.tr\/?page_id=91\" class=\"more-link\">Continue reading<span class=\"screen-reader-text\"> &#8220;Tutorials on European and International Migration Law&#8221;<\/span><\/a><\/p>\n","protected":false},"author":1,"featured_media":0,"parent":0,"menu_order":0,"comment_status":"closed","ping_status":"closed","template":"","meta":{"footnotes":""},"class_list":["post-91","page","type-page","status-publish","hentry"],"_links":{"self":[{"href":"https:\/\/migration.bilkent.edu.tr\/index.php?rest_route=\/wp\/v2\/pages\/91"}],"collection":[{"href":"https:\/\/migration.bilkent.edu.tr\/index.php?rest_route=\/wp\/v2\/pages"}],"about":[{"href":"https:\/\/migration.bilkent.edu.tr\/index.php?rest_route=\/wp\/v2\/types\/page"}],"author":[{"embeddable":true,"href":"https:\/\/migration.bilkent.edu.tr\/index.php?rest_route=\/wp\/v2\/users\/1"}],"replies":[{"embeddable":true,"href":"https:\/\/migration.bilkent.edu.tr\/index.php?rest_route=%2Fwp%2Fv2%2Fcomments&post=91"}],"version-history":[{"count":2,"href":"https:\/\/migration.bilkent.edu.tr\/index.php?rest_route=\/wp\/v2\/pages\/91\/revisions"}],"predecessor-version":[{"id":154,"href":"https:\/\/migration.bilkent.edu.tr\/index.php?rest_route=\/wp\/v2\/pages\/91\/revisions\/154"}],"wp:attachment":[{"href":"https:\/\/migration.bilkent.edu.tr\/index.php?rest_route=%2Fwp%2Fv2%2Fmedia&parent=91"}],"curies":[{"name":"wp","href":"https:\/\/api.w.org\/{rel}","templated":true}]}}