{"id":337,"date":"2025-10-20T14:29:01","date_gmt":"2025-10-20T14:29:01","guid":{"rendered":"https:\/\/migration.bilkent.edu.tr\/?page_id=337"},"modified":"2025-10-20T14:31:41","modified_gmt":"2025-10-20T14:31:41","slug":"18-oct-2025-seminar","status":"publish","type":"page","link":"https:\/\/migration.bilkent.edu.tr\/?page_id=337","title":{"rendered":"18 Oct 2025 Seminar"},"content":{"rendered":"\n<h3 class=\"wp-block-heading\">Migration and International Protection Law Seminar<\/h3>\n\n\n\n<p>As part of the\u00a0Jean Monnet Chair in Legal Aspects of Migration Management in the EU and in T\u00fcrkiye, we successfully held the\u00a0<em>Migration and International Protection Law Seminar<\/em>\u00a0on\u00a0<strong>18 October 2025<\/strong>\u00a0at the\u00a0<strong>Bilkent University Faculty of Law<\/strong>.<\/p>\n\n\n\n<p>The seminar provided an in-depth exploration of the international legal dimensions of migration governance, states\u2019 protection obligations, and both international and regional protection regimes. Participants engaged in a comprehensive discussion of current challenges in the implementation of migration law in T\u00fcrkiye, while also analyzing contemporary judicial decisions and the European Union\u2019s legal framework on international protection.<\/p>\n\n\n\n<p>We sincerely thank&nbsp;<strong>Assoc. Prof. Dr. G\u00fcl\u00fcm \u00d6z\u00e7elik<\/strong>&nbsp;and&nbsp;<strong>Asst. Prof. Dr. Ay\u015fe Dicle Ergin<\/strong>&nbsp;for their valuable contributions and insightful discussions throughout the seminar.<\/p>\n\n\n\n<figure class=\"wp-block-gallery has-nested-images columns-default is-cropped wp-block-gallery-1 is-layout-flex wp-block-gallery-is-layout-flex\">\n<figure class=\"wp-block-image size-large\"><img loading=\"lazy\" decoding=\"async\" width=\"768\" height=\"1024\" data-id=\"347\" src=\"https:\/\/migration.bilkent.edu.tr\/wp-content\/uploads\/2025\/10\/b5077be9-976a-4055-8800-e71a3d8bffe8-2-768x1024.jpg\" alt=\"\" class=\"wp-image-347\" srcset=\"https:\/\/migration.bilkent.edu.tr\/wp-content\/uploads\/2025\/10\/b5077be9-976a-4055-8800-e71a3d8bffe8-2-768x1024.jpg 768w, https:\/\/migration.bilkent.edu.tr\/wp-content\/uploads\/2025\/10\/b5077be9-976a-4055-8800-e71a3d8bffe8-2-225x300.jpg 225w, https:\/\/migration.bilkent.edu.tr\/wp-content\/uploads\/2025\/10\/b5077be9-976a-4055-8800-e71a3d8bffe8-2-1152x1536.jpg 1152w, https:\/\/migration.bilkent.edu.tr\/wp-content\/uploads\/2025\/10\/b5077be9-976a-4055-8800-e71a3d8bffe8-2-1536x2048.jpg 1536w, https:\/\/migration.bilkent.edu.tr\/wp-content\/uploads\/2025\/10\/b5077be9-976a-4055-8800-e71a3d8bffe8-2-scaled.jpg 1920w\" sizes=\"(max-width: 767px) 89vw, (max-width: 1000px) 54vw, (max-width: 1071px) 543px, 580px\" \/><\/figure>\n<\/figure>\n\n\n\n<figure class=\"wp-block-gallery has-nested-images columns-default is-cropped wp-block-gallery-2 is-layout-flex wp-block-gallery-is-layout-flex\">\n<figure class=\"wp-block-image size-large\"><img loading=\"lazy\" decoding=\"async\" width=\"1024\" height=\"768\" data-id=\"344\" src=\"https:\/\/migration.bilkent.edu.tr\/wp-content\/uploads\/2025\/10\/50445575-5b99-4360-a72b-dfb964c8ce35-1024x768.jpg\" alt=\"\" class=\"wp-image-344\" srcset=\"https:\/\/migration.bilkent.edu.tr\/wp-content\/uploads\/2025\/10\/50445575-5b99-4360-a72b-dfb964c8ce35-1024x768.jpg 1024w, https:\/\/migration.bilkent.edu.tr\/wp-content\/uploads\/2025\/10\/50445575-5b99-4360-a72b-dfb964c8ce35-300x225.jpg 300w, https:\/\/migration.bilkent.edu.tr\/wp-content\/uploads\/2025\/10\/50445575-5b99-4360-a72b-dfb964c8ce35-768x576.jpg 768w, https:\/\/migration.bilkent.edu.tr\/wp-content\/uploads\/2025\/10\/50445575-5b99-4360-a72b-dfb964c8ce35-1536x1152.jpg 1536w, https:\/\/migration.bilkent.edu.tr\/wp-content\/uploads\/2025\/10\/50445575-5b99-4360-a72b-dfb964c8ce35.jpg 2000w\" sizes=\"(max-width: 767px) 89vw, (max-width: 1000px) 54vw, (max-width: 1071px) 543px, 580px\" \/><\/figure>\n<\/figure>\n\n\n\n<figure class=\"wp-block-image size-large\"><img loading=\"lazy\" decoding=\"async\" width=\"1024\" height=\"769\" src=\"https:\/\/migration.bilkent.edu.tr\/wp-content\/uploads\/2025\/10\/0379032a-9c55-49c9-910f-efa79c253d4e-1-1024x769.jpg\" alt=\"\" class=\"wp-image-348\" srcset=\"https:\/\/migration.bilkent.edu.tr\/wp-content\/uploads\/2025\/10\/0379032a-9c55-49c9-910f-efa79c253d4e-1-1024x769.jpg 1024w, https:\/\/migration.bilkent.edu.tr\/wp-content\/uploads\/2025\/10\/0379032a-9c55-49c9-910f-efa79c253d4e-1-300x225.jpg 300w, https:\/\/migration.bilkent.edu.tr\/wp-content\/uploads\/2025\/10\/0379032a-9c55-49c9-910f-efa79c253d4e-1-768x577.jpg 768w, https:\/\/migration.bilkent.edu.tr\/wp-content\/uploads\/2025\/10\/0379032a-9c55-49c9-910f-efa79c253d4e-1-1536x1154.jpg 1536w, https:\/\/migration.bilkent.edu.tr\/wp-content\/uploads\/2025\/10\/0379032a-9c55-49c9-910f-efa79c253d4e-1.jpg 1640w\" sizes=\"(max-width: 767px) 89vw, (max-width: 1000px) 54vw, (max-width: 1071px) 543px, 580px\" \/><\/figure>\n\n\n\n<figure class=\"wp-block-image size-large\"><img loading=\"lazy\" decoding=\"async\" width=\"768\" height=\"1024\" src=\"https:\/\/migration.bilkent.edu.tr\/wp-content\/uploads\/2025\/10\/343f3dac-d69d-4869-94c6-735c6dd82d97-1-768x1024.jpg\" alt=\"\" class=\"wp-image-349\" srcset=\"https:\/\/migration.bilkent.edu.tr\/wp-content\/uploads\/2025\/10\/343f3dac-d69d-4869-94c6-735c6dd82d97-1-768x1024.jpg 768w, https:\/\/migration.bilkent.edu.tr\/wp-content\/uploads\/2025\/10\/343f3dac-d69d-4869-94c6-735c6dd82d97-1-225x300.jpg 225w, https:\/\/migration.bilkent.edu.tr\/wp-content\/uploads\/2025\/10\/343f3dac-d69d-4869-94c6-735c6dd82d97-1-1152x1536.jpg 1152w, https:\/\/migration.bilkent.edu.tr\/wp-content\/uploads\/2025\/10\/343f3dac-d69d-4869-94c6-735c6dd82d97-1.jpg 1500w\" sizes=\"(max-width: 767px) 89vw, (max-width: 1000px) 54vw, (max-width: 1071px) 543px, 580px\" \/><\/figure>\n","protected":false},"excerpt":{"rendered":"<p>Migration and International Protection Law Seminar As part of the\u00a0Jean Monnet Chair in Legal Aspects of Migration Management in the EU and in T\u00fcrkiye, we successfully held the\u00a0Migration and International &hellip; <\/p>\n<p class=\"link-more\"><a href=\"https:\/\/migration.bilkent.edu.tr\/?page_id=337\" class=\"more-link\">Continue reading<span class=\"screen-reader-text\"> &#8220;18 Oct 2025 Seminar&#8221;<\/span><\/a><\/p>\n","protected":false},"author":1,"featured_media":0,"parent":0,"menu_order":0,"comment_status":"closed","ping_status":"closed","template":"","meta":{"footnotes":""},"class_list":["post-337","page","type-page","status-publish","hentry"],"_links":{"self":[{"href":"https:\/\/migration.bilkent.edu.tr\/index.php?rest_route=\/wp\/v2\/pages\/337"}],"collection":[{"href":"https:\/\/migration.bilkent.edu.tr\/index.php?rest_route=\/wp\/v2\/pages"}],"about":[{"href":"https:\/\/migration.bilkent.edu.tr\/index.php?rest_route=\/wp\/v2\/types\/page"}],"author":[{"embeddable":true,"href":"https:\/\/migration.bilkent.edu.tr\/index.php?rest_route=\/wp\/v2\/users\/1"}],"replies":[{"embeddable":true,"href":"https:\/\/migration.bilkent.edu.tr\/index.php?rest_route=%2Fwp%2Fv2%2Fcomments&post=337"}],"version-history":[{"count":3,"href":"https:\/\/migration.bilkent.edu.tr\/index.php?rest_route=\/wp\/v2\/pages\/337\/revisions"}],"predecessor-version":[{"id":350,"href":"https:\/\/migration.bilkent.edu.tr\/index.php?rest_route=\/wp\/v2\/pages\/337\/revisions\/350"}],"wp:attachment":[{"href":"https:\/\/migration.bilkent.edu.tr\/index.php?rest_route=%2Fwp%2Fv2%2Fmedia&parent=337"}],"curies":[{"name":"wp","href":"https:\/\/api.w.org\/{rel}","templated":true}]}}